{"id":7100,"date":"2026-05-13T07:46:30","date_gmt":"2026-05-13T07:46:30","guid":{"rendered":"https:\/\/eleganttouch-co.com\/?post_type=product&#038;p=7100"},"modified":"2026-05-13T07:46:30","modified_gmt":"2026-05-13T07:46:30","slug":"nova-set","status":"publish","type":"product","link":"https:\/\/eleganttouch-co.com\/index.php\/product\/nova-set\/","title":{"rendered":"Nova Set"},"content":{"rendered":"<p>Ensemble 2 pi\u00e8ces au style chic et moderne.<br \/>\nChemise oversize avec ceinture pour une silhouette \u00e9l\u00e9gante et confortable.<br \/>\nPantalon large \u00e0 la coupe fluide pour un tomb\u00e9 raffin\u00e9.<br \/>\nTissu l\u00e9ger effet lin, agr\u00e9able \u00e0 porter au quotidien.<br \/>\nUn look tendance et facile \u00e0 accessoiriser.<\/p>\n","protected":false},"excerpt":{"rendered":"<p>Ensemble 2 pi\u00e8ces au style chic et moderne. Chemise oversize avec ceinture pour une silhouette \u00e9l\u00e9gante et confortable. Pantalon large \u00e0 la coupe fluide pour un tomb\u00e9 raffin\u00e9. Tissu l\u00e9ger effet lin, agr\u00e9able \u00e0 porter au quotidien. Un look tendance et facile \u00e0 accessoiriser.<\/p>\n","protected":false},"featured_media":7093,"comment_status":"open","ping_status":"closed","template":"","meta":[],"product_brand":[],"product_cat":[120,67],"product_tag":[84,253,202,226,254,215,91],"class_list":{"0":"post-7100","1":"product","2":"type-product","3":"status-publish","4":"has-post-thumbnail","6":"product_cat-new-collection","7":"product_cat-sets","8":"product_tag-hijab-wear","9":"product_tag-modest-set","10":"product_tag-modesty","11":"product_tag-set","12":"product_tag-summer-2026","13":"product_tag-tunisian-brand","14":"product_tag-womenclothes","16":"first","17":"instock","18":"shipping-taxable","19":"purchasable","20":"product-type-variable"},"jetpack_sharing_enabled":true,"_links":{"self":[{"href":"https:\/\/eleganttouch-co.com\/index.php\/wp-json\/wp\/v2\/product\/7100","targetHints":{"allow":["GET"]}}],"collection":[{"href":"https:\/\/eleganttouch-co.com\/index.php\/wp-json\/wp\/v2\/product"}],"about":[{"href":"https:\/\/eleganttouch-co.com\/index.php\/wp-json\/wp\/v2\/types\/product"}],"replies":[{"embeddable":true,"href":"https:\/\/eleganttouch-co.com\/index.php\/wp-json\/wp\/v2\/comments?post=7100"}],"wp:featuredmedia":[{"embeddable":true,"href":"https:\/\/eleganttouch-co.com\/index.php\/wp-json\/wp\/v2\/media\/7093"}],"wp:attachment":[{"href":"https:\/\/eleganttouch-co.com\/index.php\/wp-json\/wp\/v2\/media?parent=7100"}],"wp:term":[{"taxonomy":"product_brand","embeddable":true,"href":"https:\/\/eleganttouch-co.com\/index.php\/wp-json\/wp\/v2\/product_brand?post=7100"},{"taxonomy":"product_cat","embeddable":true,"href":"https:\/\/eleganttouch-co.com\/index.php\/wp-json\/wp\/v2\/product_cat?post=7100"},{"taxonomy":"product_tag","embeddable":true,"href":"https:\/\/eleganttouch-co.com\/index.php\/wp-json\/wp\/v2\/product_tag?post=7100"}],"curies":[{"name":"wp","href":"https:\/\/api.w.org\/{rel}","templated":true}]}}