{"id":4984,"date":"2025-11-11T10:09:11","date_gmt":"2025-11-11T10:09:11","guid":{"rendered":"https:\/\/eleganttouch-co.com\/?post_type=product&#038;p=4984"},"modified":"2026-03-26T06:50:56","modified_gmt":"2026-03-26T06:50:56","slug":"veste-suedine","status":"publish","type":"product","link":"https:\/\/eleganttouch-co.com\/index.php\/product\/veste-suedine\/","title":{"rendered":"Veste Su\u00e9dine"},"content":{"rendered":"<p>Adoptez un look chic et d\u00e9contract\u00e9 avec cette veste en su\u00e9dine douce effet daim. Sa coupe droite et l\u00e9g\u00e8rement oversize apporte une touche moderne et \u00e9l\u00e9gante \u00e0 toutes vos tenues.<br \/>\nDot\u00e9e de grands boutons noirs et de poches plaqu\u00e9es \u00e0 l\u2019avant, elle allie style et praticit\u00e9.<\/p>\n","protected":false},"excerpt":{"rendered":"<p>Adoptez un look chic et d\u00e9contract\u00e9 avec cette veste en su\u00e9dine douce effet daim. Sa coupe droite et l\u00e9g\u00e8rement oversize apporte une touche moderne et \u00e9l\u00e9gante \u00e0 toutes vos tenues. Dot\u00e9e de grands boutons noirs et de poches plaqu\u00e9es \u00e0 l\u2019avant, elle allie style et praticit\u00e9.<\/p>\n","protected":false},"featured_media":4981,"comment_status":"open","ping_status":"closed","template":"","meta":[],"product_brand":[],"product_cat":[233],"product_tag":[222,82,221,219,220],"class_list":{"0":"post-4984","1":"product","2":"type-product","3":"status-publish","4":"has-post-thumbnail","6":"product_cat-sale","7":"product_tag-classy","8":"product_tag-modeste","9":"product_tag-new-arrivals","10":"product_tag-veste-suedine","11":"product_tag-winter-collection","13":"first","14":"instock","15":"sale","16":"shipping-taxable","17":"purchasable","18":"product-type-variable"},"jetpack_sharing_enabled":true,"_links":{"self":[{"href":"https:\/\/eleganttouch-co.com\/index.php\/wp-json\/wp\/v2\/product\/4984","targetHints":{"allow":["GET"]}}],"collection":[{"href":"https:\/\/eleganttouch-co.com\/index.php\/wp-json\/wp\/v2\/product"}],"about":[{"href":"https:\/\/eleganttouch-co.com\/index.php\/wp-json\/wp\/v2\/types\/product"}],"replies":[{"embeddable":true,"href":"https:\/\/eleganttouch-co.com\/index.php\/wp-json\/wp\/v2\/comments?post=4984"}],"wp:featuredmedia":[{"embeddable":true,"href":"https:\/\/eleganttouch-co.com\/index.php\/wp-json\/wp\/v2\/media\/4981"}],"wp:attachment":[{"href":"https:\/\/eleganttouch-co.com\/index.php\/wp-json\/wp\/v2\/media?parent=4984"}],"wp:term":[{"taxonomy":"product_brand","embeddable":true,"href":"https:\/\/eleganttouch-co.com\/index.php\/wp-json\/wp\/v2\/product_brand?post=4984"},{"taxonomy":"product_cat","embeddable":true,"href":"https:\/\/eleganttouch-co.com\/index.php\/wp-json\/wp\/v2\/product_cat?post=4984"},{"taxonomy":"product_tag","embeddable":true,"href":"https:\/\/eleganttouch-co.com\/index.php\/wp-json\/wp\/v2\/product_tag?post=4984"}],"curies":[{"name":"wp","href":"https:\/\/api.w.org\/{rel}","templated":true}]}}